{"id":32,"date":"2015-06-28T13:08:29","date_gmt":"2015-06-28T11:08:29","guid":{"rendered":"http:\/\/www.naturfreunde-stockach.de\/?page_id=32"},"modified":"2022-06-27T23:42:23","modified_gmt":"2022-06-27T21:42:23","slug":"geschichte-2","status":"publish","type":"page","link":"https:\/\/naturfreunde-stockach.de\/index.php\/beispiel-seite\/geschichte-2\/","title":{"rendered":"Geschichte"},"content":{"rendered":"<p class=\"paragraph_style_3\"><strong>Gr\u00fcndung der Naturfreunde Stockach<\/strong><\/p>\n<p class=\"paragraph_style_4\">Aus einer aktiven Jugendgruppe der Naturfreunde Ortsgruppe Stockach-Gallmannsweil entstand am 10. Januar 1960 im Hotel Krone in Zizenhausen (Gr\u00fcndungsversammlung) die Ortsgruppe Zizenhausen. Es waren 34 Personen bei der Gr\u00fcndungsversammlung anwesend. Dank der gro\u00dfz\u00fcgigen Unterst\u00fctzung der Ortsgruppe Wollmatingen (Jugendgruppe mit ihrer Leiterin Margret Nitz) konnte die neue Ortsgruppe recht schnell Fu\u00df fassen. Es begann mit einem Bunten Abend im Hohenzollernsaal, wo die Bev\u00f6lkerung zahlreich anwesend war. Es wurde eine Theatergruppe gegr\u00fcndet, die 6-mal \u00f6ffentlich auftrat. Aber auch eine Volkstanzgruppe wurde ins Leben gerufen, die an Hauseinweihungen, Jubil\u00e4en usw. half, diese zu gestalten.<\/p>\n<p class=\"paragraph_style_4\">Aber nach einem so schnellen und schwungvollen Beginn, begann dann im Jahre 1964 \u2013 1968, eine Zeit, wo die Mitglieder sich sehr passiv verhielten. Es war dem 1. Vorstand mit ein paar Getreuen zu verdanken, dass damals der Verein nicht aufgel\u00f6st wurde. Ab 1968 ging es wieder etwas aufw\u00e4rts, einige Mitglieder nahmen an den Internationalen Jugendskifreizeiten in Hinterglemm, Bad Hofgastein und Kaprun teil.<\/p>\n<p><a href=\"https:\/\/naturfreunde-stockach.de\/wp-content\/uploads\/2018\/10\/ersteWanderung.jpg\"><img loading=\"lazy\" decoding=\"async\" class=\"alignnone wp-image-725\" src=\"https:\/\/naturfreunde-stockach.de\/wp-content\/uploads\/2018\/10\/ersteWanderung-295x300.jpg\" alt=\"\" width=\"236\" height=\"240\" srcset=\"https:\/\/naturfreunde-stockach.de\/wp-content\/uploads\/2018\/10\/ersteWanderung-295x300.jpg 295w, https:\/\/naturfreunde-stockach.de\/wp-content\/uploads\/2018\/10\/ersteWanderung-768x782.jpg 768w, https:\/\/naturfreunde-stockach.de\/wp-content\/uploads\/2018\/10\/ersteWanderung-1006x1024.jpg 1006w, https:\/\/naturfreunde-stockach.de\/wp-content\/uploads\/2018\/10\/ersteWanderung-80x80.jpg 80w, https:\/\/naturfreunde-stockach.de\/wp-content\/uploads\/2018\/10\/ersteWanderung.jpg 1924w\" sizes=\"auto, (max-width: 236px) 100vw, 236px\" \/><\/a><a href=\"https:\/\/naturfreunde-stockach.de\/wp-content\/uploads\/2018\/10\/Mittagspause.jpg\"><img loading=\"lazy\" decoding=\"async\" class=\"wp-image-722 alignright\" src=\"https:\/\/naturfreunde-stockach.de\/wp-content\/uploads\/2018\/10\/Mittagspause-300x297.jpg\" alt=\"\" width=\"228\" height=\"226\" srcset=\"https:\/\/naturfreunde-stockach.de\/wp-content\/uploads\/2018\/10\/Mittagspause-300x297.jpg 300w, https:\/\/naturfreunde-stockach.de\/wp-content\/uploads\/2018\/10\/Mittagspause-150x150.jpg 150w, https:\/\/naturfreunde-stockach.de\/wp-content\/uploads\/2018\/10\/Mittagspause-768x761.jpg 768w, https:\/\/naturfreunde-stockach.de\/wp-content\/uploads\/2018\/10\/Mittagspause-1024x1015.jpg 1024w, https:\/\/naturfreunde-stockach.de\/wp-content\/uploads\/2018\/10\/Mittagspause-80x80.jpg 80w, https:\/\/naturfreunde-stockach.de\/wp-content\/uploads\/2018\/10\/Mittagspause.jpg 1868w\" sizes=\"auto, (max-width: 228px) 100vw, 228px\" \/><\/a><\/p>\n<p><a href=\"https:\/\/naturfreunde-stockach.de\/wp-content\/uploads\/2018\/10\/Schneewanderung.jpg\"><img loading=\"lazy\" decoding=\"async\" class=\"size-medium wp-image-726 alignright\" src=\"https:\/\/naturfreunde-stockach.de\/wp-content\/uploads\/2018\/10\/Schneewanderung-300x201.jpg\" alt=\"\" width=\"300\" height=\"201\" srcset=\"https:\/\/naturfreunde-stockach.de\/wp-content\/uploads\/2018\/10\/Schneewanderung-300x201.jpg 300w, https:\/\/naturfreunde-stockach.de\/wp-content\/uploads\/2018\/10\/Schneewanderung-768x516.jpg 768w, https:\/\/naturfreunde-stockach.de\/wp-content\/uploads\/2018\/10\/Schneewanderung-1024x688.jpg 1024w, https:\/\/naturfreunde-stockach.de\/wp-content\/uploads\/2018\/10\/Schneewanderung-90x60.jpg 90w\" sizes=\"auto, (max-width: 300px) 100vw, 300px\" \/><\/a><a href=\"https:\/\/naturfreunde-stockach.de\/wp-content\/uploads\/2018\/10\/12internationalerWandertag.jpg\"><img loading=\"lazy\" decoding=\"async\" class=\"alignnone wp-image-724\" src=\"https:\/\/naturfreunde-stockach.de\/wp-content\/uploads\/2018\/10\/12internationalerWandertag-300x214.jpg\" alt=\"\" width=\"240\" height=\"171\" srcset=\"https:\/\/naturfreunde-stockach.de\/wp-content\/uploads\/2018\/10\/12internationalerWandertag-300x214.jpg 300w, https:\/\/naturfreunde-stockach.de\/wp-content\/uploads\/2018\/10\/12internationalerWandertag-768x547.jpg 768w, https:\/\/naturfreunde-stockach.de\/wp-content\/uploads\/2018\/10\/12internationalerWandertag-1024x730.jpg 1024w\" sizes=\"auto, (max-width: 240px) 100vw, 240px\" \/><\/a><\/p>\n<p class=\"paragraph_style_4\">Im Jahre 1971 hat der 1. Vorstand (G. Mutscheller) die Ski\u00fcbungsleiter- Pr\u00fcfung in Oberstdorf Kanzelwandhaus abgelegt. Von diesem Zeitpunkt an vollzog sich ein Wandel in der Ortsgruppe. Das Wandern, Bergsteigen und naturkundliche Arbeiten wurden immer mehr in den Hintergrund gestellt, weil die Jugend beim Skifahren hell begeistert war. So kam es auch, dass der Verein einen starken Zuwachs an Mitgliedern, vor allem aber junge Leute als Mitglieder gewinnen konnte. So wuchs die Zahl der Mitglieder von 1966 von 15 und im Jahr 1976 auf ca. 180 an. Im Zuge der Gemeindereform gab es auch eine Namens\u00e4nderung, denn auf Anraten des B\u00fcrgermeisters Franz Ziwey wurde aus Ortsgruppe Zizenhausen, die Ortsgruppe Stockach-Zizenhausen. Sie wurde dann auch ins Vereinsregister eingetragen. Man bem\u00fchte sich weiter mit Aktivit\u00e4ten und zwar Volksmarsch, Pilzausstellung, Brettlemarkt und Schweizerfest, aber vor allem Skifreizeiten. Das Startkapital konnte durch Bunte Abende und Theater erwirtschaftet werden.<\/p>\n<p class=\"paragraph_style_4\">Der Volksmarsch hat der Ortsgruppe einige Tausend DM in die Kasse gebracht, so dass die Winterarbeit, wie Ausbildung von Jugendlichen zum \u00dcbungsleiter, vollzogen werden konnte.<\/p>\n<p class=\"paragraph_style_4\">In den kommenden Jahren war der Schwerpunkt der Naturfreunde die Wintersportarbeit. Manfred Gohl hat als Wintersportleiter die Ski- schule mit 30 Ski- und Snowboardlehrern auf ein Niveau gebracht, das sich mit staatlich gepr\u00fcften Skilehrern, Bundes- und Landesausbildern international sehen lassen kann. Im Jahre 1993 wurde die Satzung auf Anraten von Paul Kie\u00dfling, des damaligen 1. Vorsitzenden, ge\u00e4ndert. Aus der Naturfreunde Ortsgruppe Stockach-Zizenhausen wurde nun Naturfreunde Ortsgruppe Stockach.<\/p>\n<p class=\"paragraph_style_4\">Mit Bernd Schuler, der 1996 1. Vorsitzender wurde, trat eine neue Generation an, die wieder ein Ganzjahresprogramm einf\u00fchrte. Jetzt sind Raften, Radfahren, Inline Skating, Bergwanderungen, Tipi-Wochenenden usw. im Angebot. Dadurch sind die Mitgliederzahlen trotz der Verteuerung des Wintersports stetig gestiegen.<\/p>\n<p>Derzeit unterst\u00fctzen wir ein paar Studenten der Hochschule Ravensburg- Weingarten bei einem Projekt zum Thema Bioh\u00e4user<\/p>\n<p><a href=\"http:\/\/www.biohausbauen.de\">www.biohausbauen.de<\/a><\/p>\n<p class=\"paragraph_style_4\">\u00a0<\/p>\n\n\n<p><\/p>\n","protected":false},"excerpt":{"rendered":"<p>Gr\u00fcndung der Naturfreunde Stockach Aus einer aktiven Jugendgruppe der Naturfreunde Ortsgruppe Stockach-Gallmannsweil entstand am 10. Januar 1960 im Hotel Krone[&#8230;]<\/p>\n","protected":false},"author":1,"featured_media":723,"parent":2,"menu_order":2,"comment_status":"closed","ping_status":"closed","template":"","meta":{"footnotes":""},"class_list":["post-32","page","type-page","status-publish","has-post-thumbnail","hentry"],"_links":{"self":[{"href":"https:\/\/naturfreunde-stockach.de\/index.php\/wp-json\/wp\/v2\/pages\/32","targetHints":{"allow":["GET"]}}],"collection":[{"href":"https:\/\/naturfreunde-stockach.de\/index.php\/wp-json\/wp\/v2\/pages"}],"about":[{"href":"https:\/\/naturfreunde-stockach.de\/index.php\/wp-json\/wp\/v2\/types\/page"}],"author":[{"embeddable":true,"href":"https:\/\/naturfreunde-stockach.de\/index.php\/wp-json\/wp\/v2\/users\/1"}],"replies":[{"embeddable":true,"href":"https:\/\/naturfreunde-stockach.de\/index.php\/wp-json\/wp\/v2\/comments?post=32"}],"version-history":[{"count":5,"href":"https:\/\/naturfreunde-stockach.de\/index.php\/wp-json\/wp\/v2\/pages\/32\/revisions"}],"predecessor-version":[{"id":1326,"href":"https:\/\/naturfreunde-stockach.de\/index.php\/wp-json\/wp\/v2\/pages\/32\/revisions\/1326"}],"up":[{"embeddable":true,"href":"https:\/\/naturfreunde-stockach.de\/index.php\/wp-json\/wp\/v2\/pages\/2"}],"wp:featuredmedia":[{"embeddable":true,"href":"https:\/\/naturfreunde-stockach.de\/index.php\/wp-json\/wp\/v2\/media\/723"}],"wp:attachment":[{"href":"https:\/\/naturfreunde-stockach.de\/index.php\/wp-json\/wp\/v2\/media?parent=32"}],"curies":[{"name":"wp","href":"https:\/\/api.w.org\/{rel}","templated":true}]}}

<p class="paragraph_style_3"><strong>Gründung der Naturfreunde Stockach</strong></p>
<p class="paragraph_style_4">Aus einer aktiven Jugendgruppe der Naturfreunde Ortsgruppe Stockach-Gallmannsweil entstand am 10. Januar 1960 im Hotel Krone in Zizenhausen (Gründungsversammlung) die Ortsgruppe Zizenhausen. Es waren 34 Personen bei der Gründungsversammlung anwesend. Dank der großzügigen Unterstützung der Ortsgruppe Wollmatingen (Jugendgruppe mit ihrer Leiterin Margret Nitz) konnte die neue Ortsgruppe recht schnell Fuß fassen. Es begann mit einem Bunten Abend im Hohenzollernsaal, wo die Bevölkerung zahlreich anwesend war. Es wurde eine Theatergruppe gegründet, die 6-mal öffentlich auftrat. Aber auch eine Volkstanzgruppe wurde ins Leben gerufen, die an Hauseinweihungen, Jubiläen usw. half, diese zu gestalten.</p>
<p class="paragraph_style_4">Aber nach einem so schnellen und schwungvollen Beginn, begann dann im Jahre 1964 – 1968, eine Zeit, wo die Mitglieder sich sehr passiv verhielten. Es war dem 1. Vorstand mit ein paar Getreuen zu verdanken, dass damals der Verein nicht aufgelöst wurde. Ab 1968 ging es wieder etwas aufwärts, einige Mitglieder nahmen an den Internationalen Jugendskifreizeiten in Hinterglemm, Bad Hofgastein und Kaprun teil.</p>
<p><a href="https://naturfreunde-stockach.de/wp-content/uploads/2018/10/ersteWanderung.jpg"><img loading="lazy" decoding="async" class="alignnone wp-image-725" src="https://naturfreunde-stockach.de/wp-content/uploads/2018/10/ersteWanderung-295x300.jpg" alt="" width="236" height="240" srcset="https://naturfreunde-stockach.de/wp-content/uploads/2018/10/ersteWanderung-295x300.jpg 295w, https://naturfreunde-stockach.de/wp-content/uploads/2018/10/ersteWanderung-768x782.jpg 768w, https://naturfreunde-stockach.de/wp-content/uploads/2018/10/ersteWanderung-1006x1024.jpg 1006w, https://naturfreunde-stockach.de/wp-content/uploads/2018/10/ersteWanderung-80x80.jpg 80w, https://naturfreunde-stockach.de/wp-content/uploads/2018/10/ersteWanderung.jpg 1924w" sizes="auto, (max-width: 236px) 100vw, 236px" /></a><a href="https://naturfreunde-stockach.de/wp-content/uploads/2018/10/Mittagspause.jpg"><img loading="lazy" decoding="async" class="wp-image-722 alignright" src="https://naturfreunde-stockach.de/wp-content/uploads/2018/10/Mittagspause-300x297.jpg" alt="" width="228" height="226" srcset="https://naturfreunde-stockach.de/wp-content/uploads/2018/10/Mittagspause-300x297.jpg 300w, https://naturfreunde-stockach.de/wp-content/uploads/2018/10/Mittagspause-150x150.jpg 150w, https://naturfreunde-stockach.de/wp-content/uploads/2018/10/Mittagspause-768x761.jpg 768w, https://naturfreunde-stockach.de/wp-content/uploads/2018/10/Mittagspause-1024x1015.jpg 1024w, https://naturfreunde-stockach.de/wp-content/uploads/2018/10/Mittagspause-80x80.jpg 80w, https://naturfreunde-stockach.de/wp-content/uploads/2018/10/Mittagspause.jpg 1868w" sizes="auto, (max-width: 228px) 100vw, 228px" /></a></p>
<p><a href="https://naturfreunde-stockach.de/wp-content/uploads/2018/10/Schneewanderung.jpg"><img loading="lazy" decoding="async" class="size-medium wp-image-726 alignright" src="https://naturfreunde-stockach.de/wp-content/uploads/2018/10/Schneewanderung-300x201.jpg" alt="" width="300" height="201" srcset="https://naturfreunde-stockach.de/wp-content/uploads/2018/10/Schneewanderung-300x201.jpg 300w, https://naturfreunde-stockach.de/wp-content/uploads/2018/10/Schneewanderung-768x516.jpg 768w, https://naturfreunde-stockach.de/wp-content/uploads/2018/10/Schneewanderung-1024x688.jpg 1024w, https://naturfreunde-stockach.de/wp-content/uploads/2018/10/Schneewanderung-90x60.jpg 90w" sizes="auto, (max-width: 300px) 100vw, 300px" /></a><a href="https://naturfreunde-stockach.de/wp-content/uploads/2018/10/12internationalerWandertag.jpg"><img loading="lazy" decoding="async" class="alignnone wp-image-724" src="https://naturfreunde-stockach.de/wp-content/uploads/2018/10/12internationalerWandertag-300x214.jpg" alt="" width="240" height="171" srcset="https://naturfreunde-stockach.de/wp-content/uploads/2018/10/12internationalerWandertag-300x214.jpg 300w, https://naturfreunde-stockach.de/wp-content/uploads/2018/10/12internationalerWandertag-768x547.jpg 768w, https://naturfreunde-stockach.de/wp-content/uploads/2018/10/12internationalerWandertag-1024x730.jpg 1024w" sizes="auto, (max-width: 240px) 100vw, 240px" /></a></p>
<p class="paragraph_style_4">Im Jahre 1971 hat der 1. Vorstand (G. Mutscheller) die Skiübungsleiter- Prüfung in Oberstdorf Kanzelwandhaus abgelegt. Von diesem Zeitpunkt an vollzog sich ein Wandel in der Ortsgruppe. Das Wandern, Bergsteigen und naturkundliche Arbeiten wurden immer mehr in den Hintergrund gestellt, weil die Jugend beim Skifahren hell begeistert war. So kam es auch, dass der Verein einen starken Zuwachs an Mitgliedern, vor allem aber junge Leute als Mitglieder gewinnen konnte. So wuchs die Zahl der Mitglieder von 1966 von 15 und im Jahr 1976 auf ca. 180 an. Im Zuge der Gemeindereform gab es auch eine Namensänderung, denn auf Anraten des Bürgermeisters Franz Ziwey wurde aus Ortsgruppe Zizenhausen, die Ortsgruppe Stockach-Zizenhausen. Sie wurde dann auch ins Vereinsregister eingetragen. Man bemühte sich weiter mit Aktivitäten und zwar Volksmarsch, Pilzausstellung, Brettlemarkt und Schweizerfest, aber vor allem Skifreizeiten. Das Startkapital konnte durch Bunte Abende und Theater erwirtschaftet werden.</p>
<p class="paragraph_style_4">Der Volksmarsch hat der Ortsgruppe einige Tausend DM in die Kasse gebracht, so dass die Winterarbeit, wie Ausbildung von Jugendlichen zum Übungsleiter, vollzogen werden konnte.</p>
<p class="paragraph_style_4">In den kommenden Jahren war der Schwerpunkt der Naturfreunde die Wintersportarbeit. Manfred Gohl hat als Wintersportleiter die Ski- schule mit 30 Ski- und Snowboardlehrern auf ein Niveau gebracht, das sich mit staatlich geprüften Skilehrern, Bundes- und Landesausbildern international sehen lassen kann. Im Jahre 1993 wurde die Satzung auf Anraten von Paul Kießling, des damaligen 1. Vorsitzenden, geändert. Aus der Naturfreunde Ortsgruppe Stockach-Zizenhausen wurde nun Naturfreunde Ortsgruppe Stockach.</p>
<p class="paragraph_style_4">Mit Bernd Schuler, der 1996 1. Vorsitzender wurde, trat eine neue Generation an, die wieder ein Ganzjahresprogramm einführte. Jetzt sind Raften, Radfahren, Inline Skating, Bergwanderungen, Tipi-Wochenenden usw. im Angebot. Dadurch sind die Mitgliederzahlen trotz der Verteuerung des Wintersports stetig gestiegen.</p>
<p>Derzeit unterstützen wir ein paar Studenten der Hochschule Ravensburg- Weingarten bei einem Projekt zum Thema Biohäuser</p>
<p><a href="http://www.biohausbauen.de">www.biohausbauen.de</a></p>
<p class="paragraph_style_4"> </p>


<p></p>

<p>Gründung der Naturfreunde Stockach Aus einer aktiven Jugendgruppe der Naturfreunde Ortsgruppe Stockach-Gallmannsweil entstand am 10. Januar 1960 im Hotel Krone[&#8230;]</p>
