{"id":92,"date":"2015-09-27T20:05:17","date_gmt":"2015-09-27T18:05:17","guid":{"rendered":"http:\/\/www.naturfreunde-stockach.de\/?page_id=92"},"modified":"2025-10-04T13:58:13","modified_gmt":"2025-10-04T11:58:13","slug":"anmeldung","status":"publish","type":"page","link":"https:\/\/naturfreunde-stockach.de\/index.php\/anmeldung\/","title":{"rendered":"Anmeldung"},"content":{"rendered":"<p>F\u00fcr unsere Skifreizeiten und die Tagesskikurse ist eine online Ameldung erforderlich.<br \/>\nF\u00fcr alle anderen Veranstaltungen kann man sich direkt per Mail bei dem zust\u00e4ndigen Veranstalter anmelden.<br \/>\nDie Anmeldeformulare werden <strong>ab Sonntag 5.10.2025 um 20 Uhr<\/strong> aufrufbar sein.<br \/>\nAnmeldungen unserer Mitglieder des Haupt- oder F\u00f6rdervereins werden bis 11.10. bevorzugt behandelt. (Anmeldungen von Nichtmitgliedern nehmen wir nat\u00fcrlich gerne davor schon an, ber\u00fccksichtigen sie dann eben ab dem 11.10.)<\/p>\n<h4><a href=\"https:\/\/naturfreunde-stockach.de\/index.php\/anmeldung\/anmeldung-ski-opening\/\">Anmeldung Ski Opening<\/a><\/h4>\n<h4><a href=\"https:\/\/naturfreunde-stockach.de\/index.php\/anmeldung-pitztal\/\">Anmeldung Pitztal<\/a><\/h4>\n<h4><a href=\"https:\/\/naturfreunde-stockach.de\/index.php\/anmeldung-freizeiten\/\">Anmeldung Sterzing<\/a><\/h4>\n<h4><a href=\"https:\/\/naturfreunde-stockach.de\/index.php\/anmeldung-events-tagesausfahrten\/\">Anmeldung Events<\/a><\/h4>\n<h4><a href=\"https:\/\/naturfreunde-stockach.de\/index.php\/anmeldung\/anmeldung-jugendfreizeit\/\">Anmeldung Jugendfreizeit<\/a><\/h4>\n","protected":false},"excerpt":{"rendered":"<p>F\u00fcr unsere Skifreizeiten und die Tagesskikurse ist eine online Ameldung erforderlich. F\u00fcr alle anderen Veranstaltungen kann man sich direkt per[&#8230;]<\/p>\n","protected":false},"author":1,"featured_media":0,"parent":0,"menu_order":0,"comment_status":"closed","ping_status":"open","template":"","meta":{"footnotes":""},"class_list":["post-92","page","type-page","status-publish","hentry"],"_links":{"self":[{"href":"https:\/\/naturfreunde-stockach.de\/index.php\/wp-json\/wp\/v2\/pages\/92","targetHints":{"allow":["GET"]}}],"collection":[{"href":"https:\/\/naturfreunde-stockach.de\/index.php\/wp-json\/wp\/v2\/pages"}],"about":[{"href":"https:\/\/naturfreunde-stockach.de\/index.php\/wp-json\/wp\/v2\/types\/page"}],"author":[{"embeddable":true,"href":"https:\/\/naturfreunde-stockach.de\/index.php\/wp-json\/wp\/v2\/users\/1"}],"replies":[{"embeddable":true,"href":"https:\/\/naturfreunde-stockach.de\/index.php\/wp-json\/wp\/v2\/comments?post=92"}],"version-history":[{"count":19,"href":"https:\/\/naturfreunde-stockach.de\/index.php\/wp-json\/wp\/v2\/pages\/92\/revisions"}],"predecessor-version":[{"id":2441,"href":"https:\/\/naturfreunde-stockach.de\/index.php\/wp-json\/wp\/v2\/pages\/92\/revisions\/2441"}],"wp:attachment":[{"href":"https:\/\/naturfreunde-stockach.de\/index.php\/wp-json\/wp\/v2\/media?parent=92"}],"curies":[{"name":"wp","href":"https:\/\/api.w.org\/{rel}","templated":true}]}}