{"id":547,"date":"2025-10-05T20:00:35","date_gmt":"2025-10-05T18:00:35","guid":{"rendered":"http:\/\/naturfreunde-stockach.de\/?post_type=tribe_events&#038;p=547"},"modified":"2025-11-30T10:42:54","modified_gmt":"2025-11-30T09:42:54","slug":"ski-snowboardfreizeit-pitztal","status":"publish","type":"tribe_events","link":"https:\/\/naturfreunde-stockach.de\/index.php\/termin\/ski-snowboardfreizeit-pitztal\/","title":{"rendered":"Ski-\/ Snowboardfreizeit Pitztal"},"content":{"rendered":"<div class=\"page\" title=\"Page 10\">\n<div class=\"section\">\n<div class=\"layoutArea\">\n<div class=\"column\">\n<div class=\"page\" title=\"Page 9\">\n<div class=\"section\">\n<div class=\"layoutArea\">\n<div class=\"column\">\n<p><strong>Unsere Skifreizeit im Pitztal ist leider ausgebucht, weitere Anmeldungen nur noch \u00fcber die Warteliste!<\/strong><\/p>\n<p>Zwischen den Jahren fahren wir wieder mit Euch ins Pitztal, einem der schneesichersten Skigebiete der Alpen. Wir wohnen in Zwei-, Drei-, Vier- und Sechsbettzimmern im Haus Riml&#8217;s in St. Leonhard. Von dort fahren wir morgens gemeinsam mit dem Skibus in eines der beiden Skigebiete (Rifflsee oder Gletscher). Auf dem Berg bringen Euch unsere Ski- und Snowboardlehrer*innen in 5 Tagen die richtige Technik und den perfekten Style bei. Zur\u00fcck auf der H\u00fctte gibt es neben leckerem Abendessen die M\u00f6glichkeit, im Hobbyraum Tischkicker und -tennis zu spielen, an unserem Rahmenprogramm (z.B. Rodeln, H\u00fcttenralley, etc.) teilzunehmen oder den Abend nach euren W\u00fcnschen zu verbringen.<\/p>\n<p><a href=\"https:\/\/naturfreunde-stockach.de\/wp-content\/uploads\/2017\/10\/IMG_6488-3-scaled.jpeg\"><img loading=\"lazy\" decoding=\"async\" class=\"size-medium wp-image-1969 alignleft\" src=\"https:\/\/naturfreunde-stockach.de\/wp-content\/uploads\/2017\/10\/IMG_6488-3-300x225.jpeg\" alt=\"\" width=\"300\" height=\"225\" srcset=\"https:\/\/naturfreunde-stockach.de\/wp-content\/uploads\/2017\/10\/IMG_6488-3-300x225.jpeg 300w, https:\/\/naturfreunde-stockach.de\/wp-content\/uploads\/2017\/10\/IMG_6488-3-1024x768.jpeg 1024w, https:\/\/naturfreunde-stockach.de\/wp-content\/uploads\/2017\/10\/IMG_6488-3-768x576.jpeg 768w, https:\/\/naturfreunde-stockach.de\/wp-content\/uploads\/2017\/10\/IMG_6488-3-1536x1152.jpeg 1536w, https:\/\/naturfreunde-stockach.de\/wp-content\/uploads\/2017\/10\/IMG_6488-3-2048x1536.jpeg 2048w\" sizes=\"auto, (max-width: 300px) 100vw, 300px\" \/><\/a>Euch erwarten zwei schneesichere, abwechslungsreiche Skigebiete ohne Menschenmassen bei traumhaftem Panorama!<\/p>\n<\/div>\n<\/div>\n<\/div>\n<\/div>\n<div class=\"page\" title=\"Page 9\">\n<div class=\"section\">\n<div class=\"layoutArea\">\n<div class=\"column\">\n<p>&nbsp;<\/p>\n<p>&nbsp;<\/p>\n<p>&nbsp;<\/p>\n<p><strong>Im Preis enthalten:<\/strong><\/p>\n<ul>\n<li>7 \u00dcbernachtungen mit Vollpension (Fr\u00fchst\u00fccksbuffet, Mittagslunch f\u00fcr die Piste und 3 G\u00e4nge Abendessen mit Salat und Skiwasser) sowie Bettw\u00e4sche, Taxen, Endreinigung<\/li>\n<li>Ski- und Snowboardkurs f\u00fcr die ganze Familie und alle K\u00f6nnensstufen (27.12. bis 31.12.<\/li>\n<li>Abendprogramm<\/li>\n<li>Abschlussrennen<\/li>\n<li>Beheizter Skikeller mit Schuhtrockner<\/li>\n<\/ul>\n<\/div>\n<\/div>\n<\/div>\n<\/div>\n<div class=\"section\">\n<div class=\"layoutArea\">\n<div class=\"column\">\n<p>Die Liftkarten sind direkt bei der Anmeldung zu bezahlen. Die genauen Preise sind in der Anmeldebest\u00e4tigung aufgef\u00fchrt. Als Anhaltspunkt k\u00f6nnen die Listenpreise inkl. 10% Rabatt herangezogen werden.<\/p>\n<\/div>\n<\/div>\n<\/div>\n\n<table id=\"tablepress-1\" class=\"tablepress tablepress-id-1\">\n<thead>\n<tr class=\"row-1 odd\">\n\t<th class=\"column-1\"><\/th><th class=\"column-2\">5 \u00dcbernachungen<br \/>\n(26.12.-31.12.)<\/th><th class=\"column-3\">7 \u00dcbernachtungen<br \/>\n(26.12. - 02.01.26)<\/th>\n<\/tr>\n<\/thead>\n<tbody class=\"row-hover\">\n<tr class=\"row-2 even\">\n\t<td class=\"column-1\">Kinder unter 2 Jahren<\/td><td class=\"column-2\">gratis<\/td><td class=\"column-3\">gratis<\/td>\n<\/tr>\n<tr class=\"row-3 odd\">\n\t<td class=\"column-1\">Kinder bis Jg 2010<\/td><td class=\"column-2\">360,-<\/td><td class=\"column-3\">440,-<\/td>\n<\/tr>\n<tr class=\"row-4 even\">\n\t<td class=\"column-1\">Erwachsene (ab Jg 2009)<\/td><td class=\"column-2\">410,-<\/td><td class=\"column-3\">490,-<\/td>\n<\/tr>\n<tr class=\"row-5 odd\">\n\t<td class=\"column-1\">Aufpreis f\u00fcr Nichtmitglieder<\/td><td class=\"column-2\">je 19,-<br \/>\n<br \/>\nPro Familie 50,-<\/td><td class=\"column-3\"><\/td>\n<\/tr>\n<\/tbody>\n<\/table>\n<!-- #tablepress-1 from cache -->\n<p><strong>* <\/strong>Bei Kindern unter 6 Jahren ist ggf. die Betreuung durch ein Elternteil erforderlich<\/p>\n<p>* Halbtagesskikurs f\u00fcr Erwachsene m\u00f6glich<\/p>\n<div class=\"page\" title=\"Page 10\">\n<div class=\"section\">\n<div class=\"layoutArea\">\n<div class=\"column\">\n<p><span style=\"color: #339966;\"><strong>Hinweis:<\/strong><\/span><br \/>\n&#8211; Getr\u00e4nke k\u00f6nnen selbst mitgebracht oder preiswert im Haus bezogen werden.<br \/>\n&#8211; Handt\u00fccher, Hausschuhe und bei Bedarf Tischtennisschl\u00e4ger und B\u00e4lle sind selbst mitzubringen.<br \/>\n&#8211; Zimmer m\u00fcssen am Abreisetag bis 09:00 Uhr ger\u00e4umt sein und an diesem Tag gibt es kein Abendessen, andernfalls wird eine weitere Nacht berechnet.<\/p>\n<p><span style=\"color: #339966;\"><strong><a href=\"https:\/\/naturfreunde-stockach.de\/wp-content\/uploads\/2017\/10\/IMG_6599-3-scaled.jpeg\"><img loading=\"lazy\" decoding=\"async\" class=\"size-medium wp-image-1973 alignright\" src=\"https:\/\/naturfreunde-stockach.de\/wp-content\/uploads\/2017\/10\/IMG_6599-3-225x300.jpeg\" alt=\"\" width=\"225\" height=\"300\" srcset=\"https:\/\/naturfreunde-stockach.de\/wp-content\/uploads\/2017\/10\/IMG_6599-3-225x300.jpeg 225w, https:\/\/naturfreunde-stockach.de\/wp-content\/uploads\/2017\/10\/IMG_6599-3-768x1024.jpeg 768w, https:\/\/naturfreunde-stockach.de\/wp-content\/uploads\/2017\/10\/IMG_6599-3-1152x1536.jpeg 1152w, https:\/\/naturfreunde-stockach.de\/wp-content\/uploads\/2017\/10\/IMG_6599-3-1536x2048.jpeg 1536w, https:\/\/naturfreunde-stockach.de\/wp-content\/uploads\/2017\/10\/IMG_6599-3-scaled.jpeg 1920w\" sizes=\"auto, (max-width: 225px) 100vw, 225px\" \/><\/a><\/strong><\/span><\/p>\n<p><span style=\"color: #339966;\"><strong>Anreise:<\/strong><\/span><\/p>\n<p>Die Anreise muss selbst organisiert werden und erfolgt auf eigene Kosten. Wir bem\u00fchen uns jedoch darum, Fahrgemeinschaften zu bilden und versuchen auch f\u00fcr Personen, die keine M\u00f6glichkeit haben selbst anzureisen eine passende L\u00f6sung zu finden. Bitte tragt auf dem Anmeldeformular ein, ob ihr selbst eine Anreisem\u00f6glichkeit habt oder wie viele Pl\u00e4tze ihr gegebenenfalls in eurem PKW noch frei habt.<\/p>\n<\/div>\n<\/div>\n<\/div>\n<\/div>\n<\/div>\n<hr \/>\n<p><a href=\"https:\/\/naturfreunde-stockach.de\/index.php\/anmeldung\/anmeldung-pitztal\/\" target=\"_blank\" rel=\"noopener noreferrer\">Hier gehts zur Anmeldung<\/a><\/p>\n<p>&nbsp;<\/p>\n<p>&nbsp;<\/p>\n<\/div>\n<\/div>\n<\/div>\n","protected":false},"excerpt":{"rendered":"<p>Unsere Skifreizeit im Pitztal ist leider ausgebucht, weitere Anmeldungen nur noch \u00fcber die Warteliste! Zwischen den Jahren fahren wir wieder[&#8230;]<\/p>\n","protected":false},"author":1,"featured_media":1971,"comment_status":"closed","ping_status":"closed","template":"","meta":{"_tribe_events_status":"","_tribe_events_status_reason":"","footnotes":""},"tags":[],"tribe_events_cat":[],"class_list":["post-547","tribe_events","type-tribe_events","status-publish","has-post-thumbnail","hentry"],"_links":{"self":[{"href":"https:\/\/naturfreunde-stockach.de\/index.php\/wp-json\/wp\/v2\/tribe_events\/547","targetHints":{"allow":["GET"]}}],"collection":[{"href":"https:\/\/naturfreunde-stockach.de\/index.php\/wp-json\/wp\/v2\/tribe_events"}],"about":[{"href":"https:\/\/naturfreunde-stockach.de\/index.php\/wp-json\/wp\/v2\/types\/tribe_events"}],"author":[{"embeddable":true,"href":"https:\/\/naturfreunde-stockach.de\/index.php\/wp-json\/wp\/v2\/users\/1"}],"replies":[{"embeddable":true,"href":"https:\/\/naturfreunde-stockach.de\/index.php\/wp-json\/wp\/v2\/comments?post=547"}],"version-history":[{"count":26,"href":"https:\/\/naturfreunde-stockach.de\/index.php\/wp-json\/wp\/v2\/tribe_events\/547\/revisions"}],"predecessor-version":[{"id":2608,"href":"https:\/\/naturfreunde-stockach.de\/index.php\/wp-json\/wp\/v2\/tribe_events\/547\/revisions\/2608"}],"wp:featuredmedia":[{"embeddable":true,"href":"https:\/\/naturfreunde-stockach.de\/index.php\/wp-json\/wp\/v2\/media\/1971"}],"wp:attachment":[{"href":"https:\/\/naturfreunde-stockach.de\/index.php\/wp-json\/wp\/v2\/media?parent=547"}],"wp:term":[{"taxonomy":"post_tag","embeddable":true,"href":"https:\/\/naturfreunde-stockach.de\/index.php\/wp-json\/wp\/v2\/tags?post=547"},{"taxonomy":"tribe_events_cat","embeddable":true,"href":"https:\/\/naturfreunde-stockach.de\/index.php\/wp-json\/wp\/v2\/tribe_events_cat?post=547"}],"curies":[{"name":"wp","href":"https:\/\/api.w.org\/{rel}","templated":true}]}}

<div class="page" title="Page 10">
<div class="section">
<div class="layoutArea">
<div class="column">
<div class="page" title="Page 9">
<div class="section">
<div class="layoutArea">
<div class="column">
<p><strong>Unsere Skifreizeit im Pitztal ist leider ausgebucht, weitere Anmeldungen nur noch über die Warteliste!</strong></p>
<p>Zwischen den Jahren fahren wir wieder mit Euch ins Pitztal, einem der schneesichersten Skigebiete der Alpen. Wir wohnen in Zwei-, Drei-, Vier- und Sechsbettzimmern im Haus Riml&#8217;s in St. Leonhard. Von dort fahren wir morgens gemeinsam mit dem Skibus in eines der beiden Skigebiete (Rifflsee oder Gletscher). Auf dem Berg bringen Euch unsere Ski- und Snowboardlehrer*innen in 5 Tagen die richtige Technik und den perfekten Style bei. Zurück auf der Hütte gibt es neben leckerem Abendessen die Möglichkeit, im Hobbyraum Tischkicker und -tennis zu spielen, an unserem Rahmenprogramm (z.B. Rodeln, Hüttenralley, etc.) teilzunehmen oder den Abend nach euren Wünschen zu verbringen.</p>
<p><a href="https://naturfreunde-stockach.de/wp-content/uploads/2017/10/IMG_6488-3-scaled.jpeg"><img loading="lazy" decoding="async" class="size-medium wp-image-1969 alignleft" src="https://naturfreunde-stockach.de/wp-content/uploads/2017/10/IMG_6488-3-300x225.jpeg" alt="" width="300" height="225" srcset="https://naturfreunde-stockach.de/wp-content/uploads/2017/10/IMG_6488-3-300x225.jpeg 300w, https://naturfreunde-stockach.de/wp-content/uploads/2017/10/IMG_6488-3-1024x768.jpeg 1024w, https://naturfreunde-stockach.de/wp-content/uploads/2017/10/IMG_6488-3-768x576.jpeg 768w, https://naturfreunde-stockach.de/wp-content/uploads/2017/10/IMG_6488-3-1536x1152.jpeg 1536w, https://naturfreunde-stockach.de/wp-content/uploads/2017/10/IMG_6488-3-2048x1536.jpeg 2048w" sizes="auto, (max-width: 300px) 100vw, 300px" /></a>Euch erwarten zwei schneesichere, abwechslungsreiche Skigebiete ohne Menschenmassen bei traumhaftem Panorama!</p>
</div>
</div>
</div>
</div>
<div class="page" title="Page 9">
<div class="section">
<div class="layoutArea">
<div class="column">
<p>&nbsp;</p>
<p>&nbsp;</p>
<p>&nbsp;</p>
<p><strong>Im Preis enthalten:</strong></p>
<ul>
<li>7 Übernachtungen mit Vollpension (Frühstücksbuffet, Mittagslunch für die Piste und 3 Gänge Abendessen mit Salat und Skiwasser) sowie Bettwäsche, Taxen, Endreinigung</li>
<li>Ski- und Snowboardkurs für die ganze Familie und alle Könnensstufen (27.12. bis 31.12.</li>
<li>Abendprogramm</li>
<li>Abschlussrennen</li>
<li>Beheizter Skikeller mit Schuhtrockner</li>
</ul>
</div>
</div>
</div>
</div>
<div class="section">
<div class="layoutArea">
<div class="column">
<p>Die Liftkarten sind direkt bei der Anmeldung zu bezahlen. Die genauen Preise sind in der Anmeldebestätigung aufgeführt. Als Anhaltspunkt können die Listenpreise inkl. 10% Rabatt herangezogen werden.</p>
</div>
</div>
</div>

<table id="tablepress-1" class="tablepress tablepress-id-1">
<thead>
<tr class="row-1 odd">
	<th class="column-1"></th><th class="column-2">5 Übernachungen<br />
(26.12.-31.12.)</th><th class="column-3">7 Übernachtungen<br />
(26.12. - 02.01.26)</th>
</tr>
</thead>
<tbody class="row-hover">
<tr class="row-2 even">
	<td class="column-1">Kinder unter 2 Jahren</td><td class="column-2">gratis</td><td class="column-3">gratis</td>
</tr>
<tr class="row-3 odd">
	<td class="column-1">Kinder bis Jg 2010</td><td class="column-2">360,-</td><td class="column-3">440,-</td>
</tr>
<tr class="row-4 even">
	<td class="column-1">Erwachsene (ab Jg 2009)</td><td class="column-2">410,-</td><td class="column-3">490,-</td>
</tr>
<tr class="row-5 odd">
	<td class="column-1">Aufpreis für Nichtmitglieder</td><td class="column-2">je 19,-<br />
<br />
Pro Familie 50,-</td><td class="column-3"></td>
</tr>
</tbody>
</table>
<!-- #tablepress-1 from cache -->
<p><strong>* </strong>Bei Kindern unter 6 Jahren ist ggf. die Betreuung durch ein Elternteil erforderlich</p>
<p>* Halbtagesskikurs für Erwachsene möglich</p>
<div class="page" title="Page 10">
<div class="section">
<div class="layoutArea">
<div class="column">
<p><span style="color: #339966;"><strong>Hinweis:</strong></span><br />
&#8211; Getränke können selbst mitgebracht oder preiswert im Haus bezogen werden.<br />
&#8211; Handtücher, Hausschuhe und bei Bedarf Tischtennisschläger und Bälle sind selbst mitzubringen.<br />
&#8211; Zimmer müssen am Abreisetag bis 09:00 Uhr geräumt sein und an diesem Tag gibt es kein Abendessen, andernfalls wird eine weitere Nacht berechnet.</p>
<p><span style="color: #339966;"><strong><a href="https://naturfreunde-stockach.de/wp-content/uploads/2017/10/IMG_6599-3-scaled.jpeg"><img loading="lazy" decoding="async" class="size-medium wp-image-1973 alignright" src="https://naturfreunde-stockach.de/wp-content/uploads/2017/10/IMG_6599-3-225x300.jpeg" alt="" width="225" height="300" srcset="https://naturfreunde-stockach.de/wp-content/uploads/2017/10/IMG_6599-3-225x300.jpeg 225w, https://naturfreunde-stockach.de/wp-content/uploads/2017/10/IMG_6599-3-768x1024.jpeg 768w, https://naturfreunde-stockach.de/wp-content/uploads/2017/10/IMG_6599-3-1152x1536.jpeg 1152w, https://naturfreunde-stockach.de/wp-content/uploads/2017/10/IMG_6599-3-1536x2048.jpeg 1536w, https://naturfreunde-stockach.de/wp-content/uploads/2017/10/IMG_6599-3-scaled.jpeg 1920w" sizes="auto, (max-width: 225px) 100vw, 225px" /></a></strong></span></p>
<p><span style="color: #339966;"><strong>Anreise:</strong></span></p>
<p>Die Anreise muss selbst organisiert werden und erfolgt auf eigene Kosten. Wir bemühen uns jedoch darum, Fahrgemeinschaften zu bilden und versuchen auch für Personen, die keine Möglichkeit haben selbst anzureisen eine passende Lösung zu finden. Bitte tragt auf dem Anmeldeformular ein, ob ihr selbst eine Anreisemöglichkeit habt oder wie viele Plätze ihr gegebenenfalls in eurem PKW noch frei habt.</p>
</div>
</div>
</div>
</div>
</div>
<hr />
<p><a href="https://naturfreunde-stockach.de/index.php/anmeldung/anmeldung-pitztal/" target="_blank" rel="noopener noreferrer">Hier gehts zur Anmeldung</a></p>
<p>&nbsp;</p>
<p>&nbsp;</p>
</div>
</div>
</div>

<p>Unsere Skifreizeit im Pitztal ist leider ausgebucht, weitere Anmeldungen nur noch über die Warteliste! Zwischen den Jahren fahren wir wieder[&#8230;]</p>
